{"id":211,"date":"2021-03-29T19:37:32","date_gmt":"2021-03-29T19:37:32","guid":{"rendered":"https:\/\/koener.ms.decms.eu\/chambres\/"},"modified":"2024-05-17T14:16:05","modified_gmt":"2024-05-17T14:16:05","slug":"zimmer","status":"publish","type":"page","link":"https:\/\/koener.excellence-group.lu\/de\/zimmer\/","title":{"rendered":"Chambres &amp; Suites"},"content":{"rendered":"<p>Entdecken Sie die Bandbreite unserer Zimmer, die vom Standard-Komfortzimmer bis zur historischen Suite reicht. Unsere Komfortzimmer vereinen Schlichtheit und Eleganz f\u00fcr einen angenehmen Aufenthalt, w\u00e4hrend unsere Superior-Zimmer einen Hauch von Raffinesse mit Holzm\u00f6beln hinzuf\u00fcgen, die diesen Unterk\u00fcnften Modernit\u00e4t verleihen.<\/p>\n<p>F\u00fcr einen romantischen Ausflug ins Herz von Clerf bieten Ihnen unsere Suiten einen ger\u00e4umigen und luxuri\u00f6sen Rahmen, der perfekt zum Entspannen und Erholen ist. Unsere historische Suite schlie\u00dflich versetzt Sie mit ihrer authentischen Einrichtung und ihrem zeitlosen Ambiente in eine andere Zeit zur\u00fcck und ist ideal f\u00fcr einen von Charme und Charakter gepr\u00e4gten Aufenthalt zu zweit.<\/p>\n<p>W\u00e4hlen Sie das Ambiente, das zu Ihnen passt, und lassen Sie sich von der Gastfreundschaft des Koener Hotels verzaubern.<\/p>\n","protected":false},"excerpt":{"rendered":"<p>Entdecken Sie die Bandbreite unserer Zimmer, die vom Standard-Komfortzimmer bis zur historischen Suite reicht. Unsere Komfortzimmer vereinen Schlichtheit und Eleganz f\u00fcr einen angenehmen Aufenthalt, w\u00e4hrend unsere Superior-Zimmer einen Hauch von Raffinesse mit Holzm\u00f6beln hinzuf\u00fcgen, die diesen Unterk\u00fcnften Modernit\u00e4t verleihen. F\u00fcr einen romantischen Ausflug ins Herz von Clerf bieten Ihnen unsere Suiten einen ger\u00e4umigen und luxuri\u00f6sen [&hellip;]<\/p>\n","protected":false},"author":5,"featured_media":213,"parent":0,"menu_order":0,"comment_status":"closed","ping_status":"closed","template":"template-rooms.php","meta":{"footnotes":""},"class_list":["post-211","page","type-page","status-publish","has-post-thumbnail","hentry"],"yoast_head":"<!-- This site is optimized with the Yoast SEO plugin v26.9 - https:\/\/yoast.com\/product\/yoast-seo-wordpress\/ -->\n<title>Chambres &amp; Suites - Koener Hotel<\/title>\n<meta name=\"description\" content=\"Entdecken Sie die Zimmer und Suiten des Koener Hotels in Clervaux, einem Hotel mit Wellness in den Ardennen n\u00f6rdlich von Luxemburg.\" \/>\n<meta name=\"robots\" content=\"noindex, follow\" \/>\n<meta property=\"og:locale\" content=\"de_DE\" \/>\n<meta property=\"og:type\" content=\"article\" \/>\n<meta property=\"og:title\" content=\"Chambres &amp; Suites - Koener Hotel\" \/>\n<meta property=\"og:description\" content=\"Entdecken Sie die Zimmer und Suiten des Koener Hotels in Clervaux, einem Hotel mit Wellness in den Ardennen n\u00f6rdlich von Luxemburg.\" \/>\n<meta property=\"og:url\" content=\"https:\/\/koener.excellence-group.lu\/de\/zimmer\/\" \/>\n<meta property=\"og:site_name\" content=\"Koener\" \/>\n<meta property=\"article:modified_time\" content=\"2024-05-17T14:16:05+00:00\" \/>\n<meta property=\"og:image\" content=\"https:\/\/koener.excellence-group.lu\/wp-content\/uploads\/sites\/391\/2021\/05\/th_Koener-Junior-Suite-4.jpg\" \/>\n\t<meta property=\"og:image:width\" content=\"1000\" \/>\n\t<meta property=\"og:image:height\" content=\"667\" \/>\n\t<meta property=\"og:image:type\" content=\"image\/jpeg\" \/>\n<meta name=\"twitter:card\" content=\"summary_large_image\" \/>\n<meta name=\"twitter:label1\" content=\"Gesch\u00e4tzte Lesezeit\" \/>\n\t<meta name=\"twitter:data1\" content=\"1 Minute\" \/>\n<script type=\"application\/ld+json\" class=\"yoast-schema-graph\">{\"@context\":\"https:\/\/schema.org\",\"@graph\":[{\"@type\":\"WebPage\",\"@id\":\"https:\/\/koener.excellence-group.lu\/de\/zimmer\/\",\"url\":\"https:\/\/koener.excellence-group.lu\/de\/zimmer\/\",\"name\":\"Chambres &amp; Suites - Koener Hotel\",\"isPartOf\":{\"@id\":\"https:\/\/koener.excellence-group.lu\/de\/#website\"},\"primaryImageOfPage\":{\"@id\":\"https:\/\/koener.excellence-group.lu\/de\/zimmer\/#primaryimage\"},\"image\":{\"@id\":\"https:\/\/koener.excellence-group.lu\/de\/zimmer\/#primaryimage\"},\"thumbnailUrl\":\"https:\/\/koener.excellence-group.lu\/wp-content\/uploads\/sites\/391\/2021\/05\/th_Koener-Junior-Suite-4.jpg\",\"datePublished\":\"2021-03-29T19:37:32+00:00\",\"dateModified\":\"2024-05-17T14:16:05+00:00\",\"description\":\"Entdecken Sie die Zimmer und Suiten des Koener Hotels in Clervaux, einem Hotel mit Wellness in den Ardennen n\u00f6rdlich von Luxemburg.\",\"breadcrumb\":{\"@id\":\"https:\/\/koener.excellence-group.lu\/de\/zimmer\/#breadcrumb\"},\"inLanguage\":\"de-DE\",\"potentialAction\":[{\"@type\":\"ReadAction\",\"target\":[\"https:\/\/koener.excellence-group.lu\/de\/zimmer\/\"]}]},{\"@type\":\"ImageObject\",\"inLanguage\":\"de-DE\",\"@id\":\"https:\/\/koener.excellence-group.lu\/de\/zimmer\/#primaryimage\",\"url\":\"https:\/\/koener.excellence-group.lu\/wp-content\/uploads\/sites\/391\/2021\/05\/th_Koener-Junior-Suite-4.jpg\",\"contentUrl\":\"https:\/\/koener.excellence-group.lu\/wp-content\/uploads\/sites\/391\/2021\/05\/th_Koener-Junior-Suite-4.jpg\",\"width\":1000,\"height\":667,\"caption\":\"Hotel Koener ****\"},{\"@type\":\"BreadcrumbList\",\"@id\":\"https:\/\/koener.excellence-group.lu\/de\/zimmer\/#breadcrumb\",\"itemListElement\":[{\"@type\":\"ListItem\",\"position\":1,\"name\":\"Home\",\"item\":\"https:\/\/koener.excellence-group.lu\/de\/\"},{\"@type\":\"ListItem\",\"position\":2,\"name\":\"Chambres &amp; Suites\"}]},{\"@type\":\"WebSite\",\"@id\":\"https:\/\/koener.excellence-group.lu\/de\/#website\",\"url\":\"https:\/\/koener.excellence-group.lu\/de\/\",\"name\":\"Koener\",\"description\":\"Just another ms.decms.eu site\",\"potentialAction\":[{\"@type\":\"SearchAction\",\"target\":{\"@type\":\"EntryPoint\",\"urlTemplate\":\"https:\/\/koener.excellence-group.lu\/de\/?s={search_term_string}\"},\"query-input\":{\"@type\":\"PropertyValueSpecification\",\"valueRequired\":true,\"valueName\":\"search_term_string\"}}],\"inLanguage\":\"de-DE\"}]}<\/script>\n<!-- \/ Yoast SEO plugin. -->","yoast_head_json":{"title":"Chambres &amp; Suites - Koener Hotel","description":"Entdecken Sie die Zimmer und Suiten des Koener Hotels in Clervaux, einem Hotel mit Wellness in den Ardennen n\u00f6rdlich von Luxemburg.","robots":{"index":"noindex","follow":"follow"},"og_locale":"de_DE","og_type":"article","og_title":"Chambres &amp; Suites - Koener Hotel","og_description":"Entdecken Sie die Zimmer und Suiten des Koener Hotels in Clervaux, einem Hotel mit Wellness in den Ardennen n\u00f6rdlich von Luxemburg.","og_url":"https:\/\/koener.excellence-group.lu\/de\/zimmer\/","og_site_name":"Koener","article_modified_time":"2024-05-17T14:16:05+00:00","og_image":[{"width":1000,"height":667,"url":"https:\/\/koener.excellence-group.lu\/wp-content\/uploads\/sites\/391\/2021\/05\/th_Koener-Junior-Suite-4.jpg","type":"image\/jpeg"}],"twitter_card":"summary_large_image","twitter_misc":{"Gesch\u00e4tzte Lesezeit":"1 Minute"},"schema":{"@context":"https:\/\/schema.org","@graph":[{"@type":"WebPage","@id":"https:\/\/koener.excellence-group.lu\/de\/zimmer\/","url":"https:\/\/koener.excellence-group.lu\/de\/zimmer\/","name":"Chambres &amp; Suites - Koener Hotel","isPartOf":{"@id":"https:\/\/koener.excellence-group.lu\/de\/#website"},"primaryImageOfPage":{"@id":"https:\/\/koener.excellence-group.lu\/de\/zimmer\/#primaryimage"},"image":{"@id":"https:\/\/koener.excellence-group.lu\/de\/zimmer\/#primaryimage"},"thumbnailUrl":"https:\/\/koener.excellence-group.lu\/wp-content\/uploads\/sites\/391\/2021\/05\/th_Koener-Junior-Suite-4.jpg","datePublished":"2021-03-29T19:37:32+00:00","dateModified":"2024-05-17T14:16:05+00:00","description":"Entdecken Sie die Zimmer und Suiten des Koener Hotels in Clervaux, einem Hotel mit Wellness in den Ardennen n\u00f6rdlich von Luxemburg.","breadcrumb":{"@id":"https:\/\/koener.excellence-group.lu\/de\/zimmer\/#breadcrumb"},"inLanguage":"de-DE","potentialAction":[{"@type":"ReadAction","target":["https:\/\/koener.excellence-group.lu\/de\/zimmer\/"]}]},{"@type":"ImageObject","inLanguage":"de-DE","@id":"https:\/\/koener.excellence-group.lu\/de\/zimmer\/#primaryimage","url":"https:\/\/koener.excellence-group.lu\/wp-content\/uploads\/sites\/391\/2021\/05\/th_Koener-Junior-Suite-4.jpg","contentUrl":"https:\/\/koener.excellence-group.lu\/wp-content\/uploads\/sites\/391\/2021\/05\/th_Koener-Junior-Suite-4.jpg","width":1000,"height":667,"caption":"Hotel Koener ****"},{"@type":"BreadcrumbList","@id":"https:\/\/koener.excellence-group.lu\/de\/zimmer\/#breadcrumb","itemListElement":[{"@type":"ListItem","position":1,"name":"Home","item":"https:\/\/koener.excellence-group.lu\/de\/"},{"@type":"ListItem","position":2,"name":"Chambres &amp; Suites"}]},{"@type":"WebSite","@id":"https:\/\/koener.excellence-group.lu\/de\/#website","url":"https:\/\/koener.excellence-group.lu\/de\/","name":"Koener","description":"Just another ms.decms.eu site","potentialAction":[{"@type":"SearchAction","target":{"@type":"EntryPoint","urlTemplate":"https:\/\/koener.excellence-group.lu\/de\/?s={search_term_string}"},"query-input":{"@type":"PropertyValueSpecification","valueRequired":true,"valueName":"search_term_string"}}],"inLanguage":"de-DE"}]}},"acf":[],"_links":{"self":[{"href":"https:\/\/koener.excellence-group.lu\/de\/wp-json\/wp\/v2\/pages\/211","targetHints":{"allow":["GET"]}}],"collection":[{"href":"https:\/\/koener.excellence-group.lu\/de\/wp-json\/wp\/v2\/pages"}],"about":[{"href":"https:\/\/koener.excellence-group.lu\/de\/wp-json\/wp\/v2\/types\/page"}],"author":[{"embeddable":true,"href":"https:\/\/koener.excellence-group.lu\/de\/wp-json\/wp\/v2\/users\/5"}],"replies":[{"embeddable":true,"href":"https:\/\/koener.excellence-group.lu\/de\/wp-json\/wp\/v2\/comments?post=211"}],"version-history":[{"count":0,"href":"https:\/\/koener.excellence-group.lu\/de\/wp-json\/wp\/v2\/pages\/211\/revisions"}],"wp:featuredmedia":[{"embeddable":true,"href":"https:\/\/koener.excellence-group.lu\/de\/wp-json\/wp\/v2\/media\/213"}],"wp:attachment":[{"href":"https:\/\/koener.excellence-group.lu\/de\/wp-json\/wp\/v2\/media?parent=211"}],"curies":[{"name":"wp","href":"https:\/\/api.w.org\/{rel}","templated":true}]}}

<p>Entdecken Sie die Bandbreite unserer Zimmer, die vom Standard-Komfortzimmer bis zur historischen Suite reicht. Unsere Komfortzimmer vereinen Schlichtheit und Eleganz für einen angenehmen Aufenthalt, während unsere Superior-Zimmer einen Hauch von Raffinesse mit Holzmöbeln hinzufügen, die diesen Unterkünften Modernität verleihen.</p>
<p>Für einen romantischen Ausflug ins Herz von Clerf bieten Ihnen unsere Suiten einen geräumigen und luxuriösen Rahmen, der perfekt zum Entspannen und Erholen ist. Unsere historische Suite schließlich versetzt Sie mit ihrer authentischen Einrichtung und ihrem zeitlosen Ambiente in eine andere Zeit zurück und ist ideal für einen von Charme und Charakter geprägten Aufenthalt zu zweit.</p>
<p>Wählen Sie das Ambiente, das zu Ihnen passt, und lassen Sie sich von der Gastfreundschaft des Koener Hotels verzaubern.</p>

<p>Entdecken Sie die Bandbreite unserer Zimmer, die vom Standard-Komfortzimmer bis zur historischen Suite reicht. Unsere Komfortzimmer vereinen Schlichtheit und Eleganz für einen angenehmen Aufenthalt, während unsere Superior-Zimmer einen Hauch von Raffinesse mit Holzmöbeln hinzufügen, die diesen Unterkünften Modernität verleihen. Für einen romantischen Ausflug ins Herz von Clerf bieten Ihnen unsere Suiten einen geräumigen und luxuriösen [&hellip;]</p>

<!-- This site is optimized with the Yoast SEO plugin v26.9 - https://yoast.com/product/yoast-seo-wordpress/ -->
<title>Chambres &amp; Suites - Koener Hotel</title>
<meta name="description" content="Entdecken Sie die Zimmer und Suiten des Koener Hotels in Clervaux, einem Hotel mit Wellness in den Ardennen nördlich von Luxemburg." />
<meta name="robots" content="noindex, follow" />
<meta property="og:locale" content="de_DE" />
<meta property="og:type" content="article" />
<meta property="og:title" content="Chambres &amp; Suites - Koener Hotel" />
<meta property="og:description" content="Entdecken Sie die Zimmer und Suiten des Koener Hotels in Clervaux, einem Hotel mit Wellness in den Ardennen nördlich von Luxemburg." />
<meta property="og:url" content="https://koener.excellence-group.lu/de/zimmer/" />
<meta property="og:site_name" content="Koener" />
<meta property="article:modified_time" content="2024-05-17T14:16:05+00:00" />
<meta property="og:image" content="https://koener.excellence-group.lu/wp-content/uploads/sites/391/2021/05/th_Koener-Junior-Suite-4.jpg" />
	<meta property="og:image:width" content="1000" />
	<meta property="og:image:height" content="667" />
	<meta property="og:image:type" content="image/jpeg" />
<meta name="twitter:card" content="summary_large_image" />
<meta name="twitter:label1" content="Geschätzte Lesezeit" />
	<meta name="twitter:data1" content="1 Minute" />
<script type="application/ld+json" class="yoast-schema-graph">{"@context":"https://schema.org","@graph":[{"@type":"WebPage","@id":"https://koener.excellence-group.lu/de/zimmer/","url":"https://koener.excellence-group.lu/de/zimmer/","name":"Chambres &amp; Suites - Koener Hotel","isPartOf":{"@id":"https://koener.excellence-group.lu/de/#website"},"primaryImageOfPage":{"@id":"https://koener.excellence-group.lu/de/zimmer/#primaryimage"},"image":{"@id":"https://koener.excellence-group.lu/de/zimmer/#primaryimage"},"thumbnailUrl":"https://koener.excellence-group.lu/wp-content/uploads/sites/391/2021/05/th_Koener-Junior-Suite-4.jpg","datePublished":"2021-03-29T19:37:32+00:00","dateModified":"2024-05-17T14:16:05+00:00","description":"Entdecken Sie die Zimmer und Suiten des Koener Hotels in Clervaux, einem Hotel mit Wellness in den Ardennen nördlich von Luxemburg.","breadcrumb":{"@id":"https://koener.excellence-group.lu/de/zimmer/#breadcrumb"},"inLanguage":"de-DE","potentialAction":[{"@type":"ReadAction","target":["https://koener.excellence-group.lu/de/zimmer/"]}]},{"@type":"ImageObject","inLanguage":"de-DE","@id":"https://koener.excellence-group.lu/de/zimmer/#primaryimage","url":"https://koener.excellence-group.lu/wp-content/uploads/sites/391/2021/05/th_Koener-Junior-Suite-4.jpg","contentUrl":"https://koener.excellence-group.lu/wp-content/uploads/sites/391/2021/05/th_Koener-Junior-Suite-4.jpg","width":1000,"height":667,"caption":"Hotel Koener ****"},{"@type":"BreadcrumbList","@id":"https://koener.excellence-group.lu/de/zimmer/#breadcrumb","itemListElement":[{"@type":"ListItem","position":1,"name":"Home","item":"https://koener.excellence-group.lu/de/"},{"@type":"ListItem","position":2,"name":"Chambres &amp; Suites"}]},{"@type":"WebSite","@id":"https://koener.excellence-group.lu/de/#website","url":"https://koener.excellence-group.lu/de/","name":"Koener","description":"Just another ms.decms.eu site","potentialAction":[{"@type":"SearchAction","target":{"@type":"EntryPoint","urlTemplate":"https://koener.excellence-group.lu/de/?s={search_term_string}"},"query-input":{"@type":"PropertyValueSpecification","valueRequired":true,"valueName":"search_term_string"}}],"inLanguage":"de-DE"}]}</script>
<!-- / Yoast SEO plugin. -->

Entdecken Sie die Zimmer und Suiten des Koener Hotels in Clervaux, einem Hotel mit Wellness in den Ardennen nördlich von Luxemburg.
